rue
Suppose 4*t = -2*n + 105282, -5*n - 42465 - 89175 = -5*t. Is t composite?
True
Suppose -47*l - 37237 = -60927 - 163793. Is l a prime number?
True
Suppose 2*m + 10 = 0, 13*j - 2*m = 15*j - 29028. Is j a prime number?
True
Suppose -2*u - 989173 = -h, u + 115 - 114 = 0. Is h a composite number?
False
Let m(t) = 10*t - 55. Let w be m(6). Suppose 5*v - 26280 = w*l, 4*v - 2*l - l - 21019 = 0. Is v a prime number?
False
Let u(v) = -v - 1. Let n(m) = 1377*m - 72. Let g(x) = n(x) - 6*u(x). Is g(3) composite?
True
Let q(g) = 3*g - 41. Let i be q(15). Suppose 5 + 15 = -i*u. Is 524 + u - 2/(-1)*1 composite?
False
Let z = 1031 - 2505. Let r = -1028 - z. Is r composite?
True
Suppose -8*p + 3*p + 3*n = 440, 465 = -5*p - 2*n. Let x = -93 - p. Let s(t) = -197*t**3 + t**2 - 4*t - 3. Is s(x) a composite number?
True
Is 67440 - 15/30*(4 - 6) a prime number?
False
Let w(q) = 17*q**3 - 5*q**2 + 8*q - 14. Let g be w(4). Let u = 335 - g. Let i = -218 - u. Is i prime?
False
Let u(s) = -1085*s**2 - s - 6. Let t be u(3). Let a = t - -6525. Let g = a + 6828. Is g prime?
False
Let t = -93694 - -214025. Is t prime?
True
Suppose 0 = -5*w - 3*n + 29, n = 4*w - 11 - 2. Suppose -2*u + 6*u = -w*t + 26468, t = 3*u - 19859. Is u a composite number?
False
Suppose 7*y + 15 = 4*y, -5*y + 2267 = -4*i. Let n be (-10 - -13)*i/(-9). Suppose o - n = 102. Is o prime?
True
Let s(x) = -x**3 - 14*x**2 + 3*x + 60. Let t be s(-14). Is (-3 + 1)*((-1845063)/t)/11 prime?
True
Let i = 18184 + 15639. Is i composite?
True
Suppose -3998 - 12922 = -36*n. Let q be (-3 - -1)/(1 + -2). Suppose n = 8*p + q*p. Is p a prime number?
True
Let k(d) = -2*d**2 - 6*d + 24. Let h be k(-5). Let c(u) = 229*u**2 + 16*u - 85. Is c(h) composite?
False
Let v be 105/14 - 1/(-2). Suppose -v*c + 13 = -187. Suppose 0 = 5*t - c, -z + 420 = 4*z + 2*t. Is z a prime number?
False
Suppose 0 = 36*h - 37*h + 30. Is 57950/h + 2/(-3) a composite number?
False
Let a = 29566 + -4755. Is a prime?
False
Suppose -5*q - 4*b + 77140 = 0, 3*q - 6*q + b + 46284 = 0. Let f = q + -9883. Is f prime?
False
Suppose -4*l - l + 10 = -3*f, 15 = 2*f + l. Suppose 2*y - 6309 = -4*v + y, -f*v + 5*y = -7880. Is v a prime number?
False
Let b be (-20)/(-6)*(22/4 + -4). Suppose -2*j - 7*v + b*v = 0, 5*j + v = 0. Suppose -3*t + 879 = -g, -2*t + 586 = 4*g - j*g. Is t composite?
False
Let j be 2/(-4 + 4 + (4 - 3)). Is (-8298)/(0 - 6) - j a prime number?
True
Let g = 110 + -98. Let d(x) = -x + 8. Let r be d(g). Is (2 - r - -1)*(2 + 249) a composite number?
True
Suppose 2*m - 4 = 0, 5*r - 6*r + m + 2 = 0. Let b(h) = 1795*h - 8. Let t be b(r). Suppose 149*n + t = 153*n. Is n composite?
True
Suppose 0 = -14*g + 12*g + 12. Let h(v) = -v**3 + 5*v**2 + 14*v - 8. Let f be h(g). Suppose -f*t = -43*t + 2661. Is t composite?
False
Let w(d) = 126*d**3 - 3*d**2 - 6*d + 5. Suppose 0 = y - 32 + 28. Is w(y) a prime number?
False
Let k(n) = -n - 3 + 3*n - 3*n - n**2 + 2*n**2. Let h be k(2). Is 310 - (4 + 1/h) a composite number?
False
Suppose -18*x + 19*x = 5. Suppose 5*r - 5 = -x. Suppose -1162 = -4*t - 0*o - 2*o, -t - 5*o + 268 = r. Is t a composite number?
False
Let j(l) = -8*l + 86. Let b be j(31). Suppose -2*p + 864 - 310 = -y, -2220 = 4*y - 4*p. Let z = b - y. Is z a prime number?
False
Let l = 1559 + -576. Let i be l - 5/10*-10. Let w = -545 + i. Is w a composite number?
False
Let j(h) = -h - 8. Let g be j(-11). Suppose 4*z + 3*n = -0*z + 38111, 4*n + 28577 = g*z. Is z/14*(2 - 0) a composite number?
False
Let h(b) = 6198*b - 1093. Is h(13) composite?
False
Let q be (3 - (-1 - 2)) + -403. Let g = q - -2688. Is g prime?
False
Let v be 1596 + -1*3 + 4/4. Let m = 337 + v. Is m a composite number?
False
Suppose 0 = 4*v - q + 91, 119 = -7*v + 2*v - 4*q. Let c = 284 - v. Is c prime?
True
Let j = -9748 - -48015. Is j a prime number?
False
Suppose 14183 = a - 4*b, -56753 = -4*a - 367*b + 362*b. Is a composite?
True
Let f = 6 + -8. Suppose 3*o = -11*o. Is (1/((-4)/(-3416)))/(o - f) a prime number?
False
Let v be -2 + 5825/2 + 18/(-12). Let x = 4176 - v. Is x prime?
False
Let z be (-5793550)/(-147) - 2/(-21). Suppose 381*p - z = 377*p. Is p a composite number?
True
Suppose -35 = 3*v - 3*n - 2*n, -3*v - 27 = -3*n. Let p = -3 - v. Suppose -4*q = l - 36431, -27317 = -q - 2*q - p*l. Is q a prime number?
True
Let v = 82964 - 7165. Is v a prime number?
False
Suppose 2 = -6*i - 1816. Let k = i + 562. Is k composite?
True
Let l be (35 + -29)*(1 + 0). Suppose 2873 = 3*o - 4*u, -2*u = 2*o - l*u - 1918. Is o prime?
False
Let m(p) = -778*p**3 - 3*p**2. Let b be m(-2). Let y = b - 1677. Is y composite?
True
Suppose -s = -7*s + 24. Suppose -y = 2*r - 1390 - 737, 4252 = 4*r + s*y. Suppose -4211 = -5*o + r. Is o a composite number?
True
Let o be ((-16616)/20)/(2/(-5)). Suppose 0 = y - t - 710, 3*y = 2*t + 56 + o. Is y prime?
False
Let f = 135938 - 81271. Is f prime?
True
Suppose 391*j - 395*j = 28, -3*x + 499901 = 4*j. Is x a composite number?
False
Suppose -144 = w + 4*n, 0 = 3*w - 9*n + 11*n + 462. Is 6 - w/(-27) - 13622/(-18) prime?
True
Suppose -178 = 5*g - 4*o, -5*g + 4*o - 160 = 9*o. Is 2 + 4 + (-1 - 4) - g a composite number?
True
Let l(g) = 197758*g - 4659. Is l(7) composite?
True
Let n(u) = -76868*u + 1431. Is n(-5) prime?
True
Let z be -3*(-200)/48 - 1/2. Is -4 + -222*(-30)/z prime?
False
Suppose 19*j - 1119914 = 1055681. Is j a composite number?
True
Let c(b) = 4*b**3 - 3*b**2 + 58*b + 368. Is c(27) a composite number?
False
Let z = 6754 + 11109. Is z a prime number?
True
Let o(h) = -1100*h - 69. Let n be o(-2). Suppose w - n = 2946. Is w prime?
True
Suppose 0 = -2*k + 18 - 0. Let h be 42/k*-1 - 10/(-15). Let g(i) = -8*i**3 - i**2 - 8*i + 7. Is g(h) a composite number?
True
Is 43277 + 80 - (-8)/2 a composite number?
True
Let p(i) = 29*i**2 - 917*i - 37. Is p(70) prime?
False
Let l = 13405 - -27396. Is l a prime number?
True
Is -818*(1/(-2) - 2000/16) prime?
False
Is -3 - -3 - (380538/(-4) + (-28)/(-8)) composite?
False
Let c = 772 + -1438. Let n = c + 1496. Suppose -h - 4*l + 229 = 0, 4*h - 4*l - 46 - n = 0. Is h a prime number?
False
Let v(w) = w**3 - 2*w**2 + 5*w - 8. Let t be v(4). Suppose 0 = -t*z + 47*z. Suppose z = 5*q - 3*q - 218. Is q a prime number?
True
Let u = 12155 - -1909. Let c = u - 9396. Suppose -3*q - 1328 + c = 4*k, -5*k + 4175 = -5*q. Is k prime?
False
Let a(n) = 534*n**2 + 13*n + 34. Let j(r) = -532*r**2 - 12*r - 33. Let z(f) = -4*a(f) - 5*j(f). Is z(-3) prime?
True
Let l(k) = 2*k**2 + 5*k - 5. Let t be l(-4). Suppose -t*c = -10006 - 1593. Is c a composite number?
False
Suppose 15*h + 0*h = -5520. Let g = 12169 + h. Is g a composite number?
False
Let s be 0/((-8)/4 + 3). Suppose s = -47*d + 50*d - 4650. Let o = d - 415. Is o prime?
False
Let f(c) = 275*c**3 - 38*c**2 + 56*c + 54. Is f(25) prime?
True
Let t(c) = -c**2 + 28*c - 28. Let v(d) = 6*d**2 + 13. Let a be v(3). Let o = 86 - a. Is t(o) a composite number?
True
Let l = -77 + 78. Is (-3*(-1)/(-3))/(l/(-191)) composite?
False
Suppose g - 445429 = 4*h, 86*g + h = 87*g - 445450. Is g a prime number?
False
Let z be (27/(-81))/((-1)/(-5073)). Let g = z + 2602. Is g a prime number?
True
Let i be 6200/(-5 - -7) - 3. Let m = 324 + i. Is m a composite number?
True
Let o(s) be the third derivative of 7*s**5/60 - 19*s**4/8 + 7*s**3/6 + 165*s**2. Is o(-13) prime?
True
Let r be (-5)/1 - (0 - 0). Let w(y) = -y**2 - 7*y - 7. Let f be w(r). Suppose 5*p - 650 = -d, -4*p = -2*d + f*d - 647. Is d a prime number?
False
Let y = 2712 - 4211. Let c = y - -2870. Let b = c - 530. Is b a composite number?
True
Let p be (-14)/2*18/(-42). Let g(h) = -h**3 - 3*h**2 - 2*h - 4. Let n be g(-3). Suppose -n*r + 725 = p*r. Is r a prime number?
False
Suppose 2*a - 25 - 13 = -5*j, a - 4 = 0. Is (-6)/(-9)*j*1721/4 a composite number?
False
Let a(t) = -t**3 + 32*t - 32. Let d be a(5). Suppose -2*n - g = -3*n + 6809, 2*n + d*g = 13598. Is n composite?
True
Let r(v) = -157*v + 2. Let b(d) = d - 28. Let s be b(17). Let g be (9 + s)/(1 - -1). Is r(g) a prime number?
False
Suppose 5*i - 18 = -4*i. Suppose j = 2*w - 1 - 4, i*w - 9 = -3*j. Suppose w*a + h = -h + 227, 3*h = 2*a - 173. Is a a composite number?
False
Suppose 0 = 16*u + 1335 + 20697. Let a = u - -2654. Is a prime?
True
Let v(w) = 7*w - 31. Let n be v(4). Let o(c) = 4042*c**2 - 13*c - 3